In base 11, what is -4 + -25?
-29
In base 7, what is 5 - 315?
-310
In base 16, what is 0 - 0?
0
In base 11, what is 15 + -7?
9
In base 13, what is -3 + 5?
2
In base 4, what is -222 - -112?
-110
In base 8, what is 5 + -502?
-475
In base 16, what is -1 - c2?
-c3
In base 15, what is 40 + -3?
3c
In base 6, what is 0 - -2450?
2450
In base 13, what is 5 - -38?
40
In base 8, what is -7 + -1023?
-1032
In base 4, what is -31 + -3?
-100
In base 3, what is 110 - -1212100?
1212210
In base 13, what is -3 - c47?
-c4a
In base 5, what is -4 + 1013?
1004
In base 7, what is 11601 - -3?
11604
In base 11, what is -20 - -62?
42
In base 9, what is -2816 - -2?
-2814
In base 3, what is 10012 + 1?
10020
In base 7, what is 5 + 355?
363
In base 14, what is a2 - -4?
a6
In base 4, what is -113111 - 13?
-113130
In base 15, what is -4 - -19d?
199
In base 12, what is -3 + -1343?
-1346
In base 5, what is -10 - -30?
20
In base 12, what is -16 - -104?
aa
In base 7, what is 41 + -6?
32
In base 14, what is 158 - 2?
156
In base 10, what is 4 - 73?
-69
In base 3, what is -21 + -1000212?
-1001010
In base 14, what is -11b - -1a?
-101
In base 16, what is -6b + -4?
-6f
In base 9, what is 343 - -2?
345
In base 2, what is 11 + 1100101?
1101000
In base 3, what is 21 - -2221?
10012
In base 16, what is 8 + -b28?
-b20
In base 8, what is 5 + 65?
72
In base 8, what is -6 - 1220?
-1226
In base 6, what is -25252 - 5?
-25301
In base 12, what is -131 + 5?
-128
In base 14, what is -56 - -18?
-3c
In base 7, what is -36 - 101?
-140
In base 5, what is -12311 - 2?
-12313
In base 10, what is 351 - 11?
340
In base 3, what is 11 + 2202?
2220
In base 6, what is 234 - -322?
1000
In base 2, what is 0 + 1010?
1010
In base 9, what is 10131 - 4?
10126
In base 10, what is -2 + 189?
187
In base 12, what is 4 - -1901?
1905
In base 16, what is b3c - 3?
b39
In base 6, what is -14 - -21?
3
In base 13, what is c6 + -1?
c5
In base 13, what is 4 - 342?
-33b
In base 2, what is 111 - 1000?
-1
In base 7, what is -46 + 225?
146
In base 14, what is -dd - 5?
-104
In base 7, what is 1630 - 2?
1625
In base 13, what is -2 - 591?
-593
In base 6, what is 4 - 531?
-523
In base 10, what is -2478 + 0?
-2478
In base 8, what is 12 - 74?
-62
In base 7, what is 6241 + 5?
6246
In base 11, what is 4385 - 1?
4384
In base 14, what is 10 + 1b?
2b
In base 16, what is -2a6 + 0?
-2a6
In base 2, what is -10000000011010 - -1?
-10000000011001
In base 12, what is 0 - 1521?
-1521
In base 13, what is -5 - -180?
178
In base 6, what is 2 - -454?
500
In base 5, what is -30 + -32?
-112
In base 2, what is 100110 + -111110?
-11000
In base 15, what is -2c5 + -3?
-2c8
In base 8, what is 3 + 100?
103
In base 14, what is -d8 + 14?
-c4
In base 3, what is 0 - -1201221?
1201221
In base 14, what is 4 - 80?
-7a
In base 9, what is 0 - 6621?
-6621
In base 9, what is -375 - -5?
-370
In base 4, what is -211 + 130?
-21
In base 8, what is 7740 + 4?
7744
In base 5, what is -101 + -3421?
-4022
In base 4, what is -2 + 131111?
131103
In base 15, what is 3 + -49?
-46
In base 8, what is 13 - -2342?
2355
In base 13, what is -1 - -28?
27
In base 11, what is -556 - 4?
-55a
In base 14, what is -5 - 31?
-36
In base 2, what is -100 - -10101?
10001
In base 5, what is -3 + 403?
400
In base 14, what is 22 - -3?
25
In base 4, what is -1 - -12312?
12311
In base 16, what is -1c - 142?
-15e
In base 3, what is 1 + -20112?
-20111
In base 3, what is -11 + -10222022?
-10222110
In base 10, what is -1 - 151?
-152
In base 4, what is -1 - 2222?
-2223
In base 6, what is 5 - -50?
55
In base 15, what is -13 - 116?
-129
In base 2, what is 111 - -10011?
11010
In base 12, what is -5 + 501?
4b8
In base 14, what is -10 + -2b?
-3b
In base 5, what is 20432 + 11?
20443
In base 6, what is -2 - 1144?
-1150
In base 10, what is -5 - -2426?
2421
In base 8, what is -333 - -2?
-331
In base 13, what is 101 - 3?
cb
In base 14, what is -423 + 21?
-402
In base 14, what is 18d + 1?
190
In base 11, what is -6 + -12a0?
-12a6
In base 8, what is 50551 - -5?
50556
In base 14, what is a - -73?
7d
In base 5, what is 1 - -113004?
113010
In base 3, what is 11 + 2012?
2100
In base 14, what is 520a + 1?
520b
In base 11, what is -2 + -8?
-a
In base 15, what is -2 - 159d?
-15a0
In base 2, what is 1000 + 100111101?
101000101
In base 15, what is -3 - -91?
8d
In base 14, what is -52 - -1?
-51
In base 8, what is 105 - 16?
67
In base 16, what is -1 - 9a?
-9b
In base 15, what is 2 - -2d8?
2da
In base 8, what is -6 + -1?
-7
In base 15, what is 3 - 5d?
-5a
In base 7, what is -211 + -3?
-214
In base 14, what is -62 + 1a?
-46
In base 7, what is -55 + -3?
-61
In base 15, what is -28 - bd?
-e6
In base 7, what is 13206 + -5?
13201
In base 13, what is 2 + -68?
-66
In base 10, what is -2 + 93?
91
In base 8, what is 2 + -7?
-5
In base 3, what is -1 + 1120?
1112
In base 3, what is 21000 + 2100?
100100
In base 13, what is -2954 - -1?
-2953
In base 16, what is -e + 2d?
1f
In base 8, what is 2 + -1051?
-1047
In base 10, what is 3607 + 2?
3609
In base 5, what is -13434 + -10?
-13444
In base 11, what is 61a + -5?
615
In base 2, what is -1111101110 + -11?
-1111110001
In base 9, what is -3441 + -5?
-3446
In base 9, what is -5 - 7?
-13
In base 3, what is -1021212 - -10?
-1021202
In base 5, what is -4 + 3342?
3333
In base 15, what is -5b + -67?
-c3
In base 10, what is 66 + 2?
68
In base 9, what is 2 - -3880?
3882
In base 9, what is 36 + -4?
32
In base 4, what is 201320 + 1?
201321
In base 12, what is -17 - 2?
-19
In base 2, what is 10001000110 - 10?
10001000100
In base 8, what is 151 - 7?
142
In base 11, what is 9 + -10?
-2
In base 6, what is -540 + 3?
-533
In base 8, what is 4 - 3152?
-3146
In base 6, what is -110 + 35?
-31
In base 8, what is -4 - -10?
4
In base 14, what is 16 - -c7?
dd
In base 13, what is -1a9 - 0?
-1a9
In base 8, what is 101 + -2?
77
In base 6, what is -3 - 31352?
-31355
In base 12, what is -2a + -59?
-87
In base 15, what is -6c + 3?
-69
In base 5, what is -1313 - -4?
-1304
In base 6, what is -524 - -14?
-510
In base 4, what is -20013 + -2?
-20021
In base 8, what is -36073 - -4?
-36067
In base 15, what is -40c - -4?
-408
In base 16, what is 5 - 7?
-2
In base 10, what is -5 - -585?
580
In base 13, what is -17 - -80?
66
In base 15, what is -6085 + 2?
-6083
In base 14, what is 335d - 5?
3358
In base 7, what is 1 + -20333?
-20332
In base 3, what is 1 + 200101?
200102
In base 4, what is 123 + 3?
132
In base 16, what is -1234 - -5?
-122f
In base 3, what is 201112 + 1000?
202112
In base 2, what is -100111001001 + -11?
-100111001100
In base 6, what is -2 - 42?
-44
In base 7, what is 404 - -4?
411
In base 14, what is 22c - -a?
238
In base 6, what is -313150 - -5?
-313141
In base 3, what is 11 - -110121?
110202
In base 2, what is 11 - -100111100011?
100111100110
In base 6, what is -200 + 4?
-152
In base 7, what is -2 + -605?
-610
In base 13, what is -a - c?
-19
In base 5, what is 20 + 121?
141
In base 10, what is 1 + 30?
31
In base 2, what is -10100111 + 101?
-10100010
In base 6, what is -1000 - 2?
-1002
In base 10, what is -2562 + 4?
-2558
In base 9, what is 2 + -116?
-114
In base 9, what is 53 - -1?
54
In base 7, what is -1035 + -2?
-1040
In base 9, what is -5 + -221?
-226
In base 6, what is 13 + 5?
22
In base 8, what is -13 - 2?
-15
In base 16, what is -1c3 - 0?
-1c3
In base 11, what is 7 - -348?
354
In base 5, what is -10 + -100?
-110
In base 16, what is 17d + -4?
179
In base 9, what is -3 - 4?
-7
In base 15, what is 2 + -1c?
-1a
In base 2, what is 0 - 101101111?
-101101111
In base 6, what is 5 - -105?
114
In base 15, what is 18 - -1e?
37
In base 4, what is 2320 + -133?
2121
In base 9, what is 1 - -103?
104
In base 12, what is -6 + -5?
-b
In base 8, what is 33 - -204?
237
In base 11, what is -26 - -239?
213
In base 8, what is 54 - 747?
-673
In base 8, what is -35 - 2?
-37
In base 2, what is 1011 + -1100001100?
-1100000001
In base 8, what is 4 - -1024?
1030
In base 5, what is -12414 - -3?
-12411
In base 13, what is 1aa8 - 1?
1aa7
In base 4, what is -1 + 0?
-1
In base 4, what is 2230 - 32?
2132
In base 6, what is -5011 + -11?
-5022
In base 15, what is -2 - -38?
36
In base 2, what is -111 + 10010?
1011
In base 15, what is -3 - 28?
-2b
In base 15, what is 4 + 46?
4a
In base 6, what is 3 - 15305?
-15302
In base 8, what is 31 - 42?
-11
In base 15